e
Is 5005729 a composite number?
True
Is 3338051 composite?
False
Is 984023 a prime number?
False
Is 23789 prime?
True
Is 469 composite?
True
Is 37459 prime?
False
Is 67421 a composite number?
False
Is 32117 a prime number?
True
Is 28129 a prime number?
False
Is 1979 composite?
False
Is 586273 a prime number?
True
Is 5179 a prime number?
True
Is 757985 prime?
False
Is 16603 prime?
True
Is 395519 composite?
True
Is 1361 a composite number?
False
Is 1439 composite?
False
Is 14741 composite?
False
Is 56179 a prime number?
True
Is 2217023 a prime number?
True
Is 29626 prime?
False
Is 56519 a prime number?
True
Is 1791731 prime?
True
Is 215653 prime?
True
Is 917647 a prime number?
False
Is 597911 a composite number?
True
Is 50143 a prime number?
False
Is 276071 prime?
False
Is 5355235 a prime number?
False
Is 389357 a prime number?
True
Is 144983 prime?
True
Is 1631 composite?
True
Is 15107 a prime number?
True
Is 281227 prime?
True
Is 6373 a prime number?
True
Is 265283 a prime number?
False
Is 9233 a prime number?
False
Is 8597 composite?
False
Is 12239 a prime number?
True
Is 809 composite?
False
Is 19681 a prime number?
True
Is 1127047 prime?
False
Is 5366 composite?
True
Is 367265 a composite number?
True
Is 23459 prime?
True
Is 16487 composite?
False
Is 615119 a composite number?
True
Is 242789 a composite number?
False
Is 73819 a prime number?
True
Is 1418297 composite?
False
Is 90961 composite?
True
Is 7499 prime?
True
Is 19001 prime?
True
Is 308717 a composite number?
True
Is 7895 prime?
False
Is 3661 composite?
True
Is 159641 prime?
False
Is 7934 a composite number?
True
Is 9829 a prime number?
True
Is 120643 a composite number?
True
Is 64187 a composite number?
False
Is 53545 composite?
True
Is 832003 prime?
True
Is 44503 prime?
False
Is 2333 a prime number?
True
Is 5079 a prime number?
False
Is 66377 a composite number?
False
Is 21623 a prime number?
False
Is 37321 prime?
True
Is 49919 prime?
True
Is 1693 a prime number?
True
Is 5263 a prime number?
False
Is 143866 a composite number?
True
Is 39421 prime?
False
Is 116665 a composite number?
True
Is 10399 prime?
True
Is 19547 a prime number?
False
Is 718381 composite?
False
Is 28051 a prime number?
True
Is 6433 a composite number?
True
Is 106709 prime?
False
Is 34027 composite?
True
Is 1423 composite?
False
Is 687251 a prime number?
False
Is 260083 composite?
True
Is 307759 a composite number?
False
Is 33101 prime?
False
Is 1659703 a prime number?
False
Is 60709 composite?
True
Is 162931 a prime number?
False
Is 168133 a composite number?
True
Is 122483 a composite number?
True
Is 221909 a composite number?
False
Is 277807 prime?
False
Is 2113087 a composite number?
False
Is 19946 a prime number?
False
Is 16499 composite?
True
Is 94099 composite?
False
Is 108161 a prime number?
True
Is 25637 prime?
False
Is 228937 a composite number?
True
Is 110893 a composite number?
True
Is 1221421 composite?
False
Is 111577 composite?
False
Is 47459 a composite number?
False
Is 1296313 composite?
True
Is 5847 prime?
False
Is 26329 a composite number?
True
Is 11549 prime?
True
Is 14995 prime?
False
Is 5981 composite?
False
Is 12209 composite?
True
Is 182773 prime?
True
Is 114803 a prime number?
False
Is 59369 a composite number?
False
Is 17567 prime?
False
Is 1524269 a prime number?
False
Is 161221 composite?
False
Is 456871 composite?
False
Is 40609 prime?
True
Is 9397 a prime number?
True
Is 3941 prime?
False
Is 276601 composite?
True
Is 2479619 composite?
False
Is 275027 composite?
False
Is 16877 a prime number?
False
Is 9719 prime?
True
Is 60037 composite?
False
Is 8299 a composite number?
True
Is 178681 a prime number?
True
Is 43057 composite?
True
Is 1202651 a prime number?
False
Is 217137 prime?
False
Is 84937 composite?
True
Is 20161 a composite number?
False
Is 153631 a prime number?
False
Is 27647 prime?
True
Is 175751 prime?
False
Is 122479 prime?
False
Is 13229 prime?
True
Is 26747 composite?
True
Is 2243 prime?
True
Is 587 composite?
False
Is 1369 prime?
False
Is 124427 composite?
False
Is 154723 composite?
False
Is 23461 a composite number?
True
Is 60101 a composite number?
False
Is 214583 prime?
False
Is 66511 composite?
True
Is 20803 a prime number?
False
Is 175829 composite?
False
Is 34993 composite?
True
Is 1144291 prime?
True
Is 83843 a prime number?
True
Is 111158 prime?
False
Is 546709 composite?
False
Is 28957 a composite number?
True
Is 919 prime?
True
Is 1346827 a prime number?
True
Is 16181 a prime number?
False
Is 92987 composite?
False
Is 82637 a composite number?
True
Is 17377 a prime number?
True
Is 142339 composite?
True
Is 26521 a composite number?
True
Is 636283 composite?
False
Is 19547 a prime number?
False
Is 10391 composite?
False
Is 4177 composite?
False
Is 2921 composite?
True
Is 19831 a composite number?
True
Is 27323 a prime number?
False
Is 15869 a composite number?
True
Is 59191 a prime number?
False
Is 305741 a composite number?
False
Is 39965 a prime number?
False
Is 4751 a prime number?
True
Is 23143 prime?
True
Is 2111 a prime number?
True
Is 124277 composite?
False
Is 815099 composite?
True
Is 23089 a prime number?
False
Is 156355 composite?
True
Is 335739 a prime number?
False
Is 45599 prime?
True
Is 277307 prime?
False
Is 7499 prime?
True
Is 10361 a composite number?
True
Is 16129 a composite number?
True
Is 657779 a composite number?
False
Is 72613 prime?
True
Is 50219 prime?
False
Is 25339 composite?
False
Is 145529 a composite number?
True
Is 746653 prime?
True
Is 301229 a prime number?
False
Is 32087 prime?
False
Is 250073 a composite number?
False
Is 36973 a prime number?
True
Is 24658 prime?
False
Is 118909 a prime number?
False
Is 2159 a composite number?
True
Is 38687 a prime number?
False
Is 26933 a prime number?
False
Is 152861 a prime number?
False
Is 618161 a composite number?
False
Is 9733 composite?
False
Is 3584563 composite?
False
Is 10694 composite?
True
Is 2770621 a prime number?
False
Is 253501 a prime number?
True
Is 929527 prime?
True
Is 966961 a prime number?
True
Is 236549 a composite number?
False
Is 22693 a prime number?
False
Is 4837 a composite number?
True
Is 1977 a prime number?
False
Is 1361 a composite number?
False
Is 432353 a prime number?
False
Is 2633 composite?
False
Is 45763 composite?
False
Is 96137 prime?
True
Is 1791773 a composite number?
False
Is 152455 composite?
True
Is 728319 prime?
False
Is 34019 a prime number?
True
Is 5147 prime?
True
Is 59959 composite?
True
Is 9461 a composite number?
False
Is 87499 composite?
True
Is 5893 a prime number?
False
Is 152527 composite?
True
Is 331 composite?
False
Is 13291 composite?
False
Is 8051 a prime number?
False
Is 26681 a composite number?
False
Is 106534 a prime number?
False
Is 1431907 prime?
True
Is 715267 a prime number?
False
Is 10279 prime?
False
Is 649 prime?
False
Is 12599 prime?
False
Is 1678 prime?
False
Is 120541 a prime number?
False
Is 14971 a composite number?
True
Is 31919 a composite number?
True
Is 15371 composite?
True
Is 652411 a composite number?
False
Is 343037 composite?
False
Is 21713 a composite number?
False
Is 563469 a prime number?
False
Is 45517 a composite number?
True
Is 29551 prime?
False
Is 1213 a prime number?
True
Is 21974 composite?
True
Is 102947 a composite number?
True
Is 185929 composite?
True
Is 1943 prime?
False
Is 2159 prime?
False
Is 7283 a composite number?
False
Is 6353 a composite number?
False
Is 58889 prime?
True
Is 55231 prime?
False
Is 36853 a composite number?
True
Is 919339 prime?
False
Is 200117 a prime number?
True
Is 124633 a composite number?
False
Is 72431 a prime number?
True
Is 189127 prime?
True
Is 440023 a composite number?
False
Is 194239 a composite number?
False
Is 2939 a composite number?
False
Is 90205 composite?
True
Is 525757 a prime number?
False
Is 23791 a prime number?
False
Is 33763 composite?
True
Is 657401 composite?
True
Is 55661 a prime number?
True
Is 3943 composite?
False
Is 29567 a composite number?
False
Is 10679 prime?
False
Is 135991 a composite number?
True
Is 677 a prime number?
True
Is 3989701 a prime number?
True
Is 560887 a composite number?
False
Is 1068017 prime?
False
Is 255533 composite?
True
Is 1033987 composite?
False
Is 4177 prime?
True
Is 36029 prime?
False
Is 30763 com